of a.
2, 3
Let d(a) = -31*a - 182. Let p be d(-6). Let z(r) = 80*r**2 + 2*r + 28. What are the prime factors of z(p)?
2, 7, 47
Suppose 3*v = 38*v - 22645. Let w = 938 - v. What are the prime factors of w?
3, 97
Let o = 1113 + -754. Let m = 651 - o. List the prime factors of m.
2, 73
Let v = 2032 + -4857. Let p = -1995 - v. Suppose 12*i - p = 7*i. What are the prime factors of i?
2, 83
Suppose 16*u = 45534 + 64962. List the prime factors of u.
2, 3, 1151
Let y be ((-44)/(-5))/(6/45). Suppose 4*t = -2*l + 84, 4*l - y - 26 = -4*t. List the prime factors of t*(-5 + 37)/4.
2, 19
Let r(w) = -201*w + 403*w + 10*w**2 - 187*w + 97. List the prime factors of r(-8).
617
Suppose -15 = 5*m, 68177 = 4*q - 3*m - 97448. What are the prime factors of q?
2, 11, 941
Suppose 4*y + 6 = -6, -3*y + 516 = -3*z. Suppose -5*p - 345 - 41 = -4*w, 58 = -p - 4*w. Let r = p - z. What are the prime factors of r?
101
Suppose 5*v = 4*v + 5. Suppose 0 = -5*u + y - 168, 7*y = v*u + 2*y + 160. Let i = u + 110. What are the prime factors of i?
2, 19
Let d = -4178 - -12383. List the prime factors of d.
3, 5, 547
Let k(v) be the third derivative of 13*v**5/60 - 19*v**4/24 - 67*v**3/6 + 46*v**2. List the prime factors of k(-7).
19, 37
Let v(k) = -k**2 + 55*k + 7. Let a be v(17). Let x = a - -35. What are the prime factors of x?
2, 43
Suppose 69 + 14 = p. Let h = -64 + p. What are the prime factors of h?
19
Suppose -4*h - 2678 = -3*d, 5*h - 901 - 1813 = -3*d. Suppose 48*o - d = 46*o. List the prime factors of o.
449
Suppose -42911 = 11*h - 113410. What are the prime factors of h?
13, 17, 29
Let d(y) = 12*y + 4. Let j(n) = -13 + 19 - 6*n**2 - 4*n - 9 - 2*n**3. Let w be j(-3). What are the prime factors of d(w)?
2, 7
Let d = -11762 + 14415. What are the prime factors of d?
7, 379
Suppose 0 = -8*v + 32 + 192. Suppose -4*r + 3*j = -8, 4*r + 4*j + v = 8. What are the prime factors of (-211)/r - (-4)/(-1) - 1?
2, 103
Let i(b) = 7*b**3 - 4*b**2 + 4*b - 2. Let g be i(1). Suppose -14 = -g*k - 24. List the prime factors of k/(-8) - (-1836)/16.
5, 23
Let z be ((-14)/4 + 4)*16. Suppose 280 = z*n - 160. What are the prime factors of n?
5, 11
Suppose -9*w - 3443 = -15764. What are the prime factors of w?
37
Suppose 48066 = 4*t - o, -6*o + 24040 = 2*t - 10*o. List the prime factors of t.
2, 751
Suppose -5*t = 2*u - 303, -u - 18*t + 149 = -13*t. Suppose 4*y + 0*y + 212 = -5*z, -4*y - z - 196 = 0. Let o = u + y. List the prime factors of o.
2, 53
Let x = 2103 - 1362. Suppose -x - 799 = -14*c. What are the prime factors of c?
2, 5, 11
Let u(q) = -15*q + 7. Suppose 4*z = -x + 124, 0*z + 2*z - 76 = -4*x. Suppose 0 = -5*j + 3*w - z, j - 17 = -7*w + 3*w. What are the prime factors of u(j)?
2, 13
Let a(c) = -2071*c - 90. What are the prime factors of a(-4)?
2, 17, 241
Let m(p) = -102 - 6*p + 23*p + 14*p + 0*p - p**2 + 13*p. What are the prime factors of m(37)?
157
Let o = -14171 - -22581. List the prime factors of o.
2, 5, 29
Let l(o) = -27 - 26 - 32 - 18*o + 81. List the prime factors of l(-2).
2
Suppose 5*p + f - 9 = 0, -2 - 18 = -4*p - 4*f. Let h(b) = b + 1. Let g be h(p). List the prime factors of (2/g)/(-1) - -7.
2, 3
Let m = 43992 + -19800. List the prime factors of m.
2, 3, 7
Let x(r) = -5*r - 8. Let y be x(-6). Suppose o + 16 = 4*p, y - 6 = 4*p + o. Suppose -p*j - 24 = -2*n, 10*n - 5*n = 4*j + 72. What are the prime factors of n?
2
List the prime factors of 4/10*59947/2 + 1257/2095.
2, 5, 11, 109
Suppose 3*i + 32 = -i. Let z = 358 - 360. What are the prime factors of (-1066)/i - z/(-8)?
7, 19
Suppose 20*j + 118601 = 5*b - 7644, 2*b + 4*j - 50486 = 0. What are the prime factors of b?
3, 5, 11, 17
Let m(r) = -r**2 + 6*r - 9. Let h be m(3). Suppose h = -b + 6. List the prime factors of 67/(-6)*-2*b.
2, 67
List the prime factors of (402/4)/(2/(-804)*(13 + -16)).
3, 67
Let n(v) = v**3 - 13*v**2 - 16*v + 58. Let m be n(14). List the prime factors of (2072/10)/(13 + (-378)/m).
2, 7, 37
Let m(s) = -2*s**3 - 20*s - 16. Let r be m(-9). Suppose 3*q + r = 4844. What are the prime factors of q?
2, 3, 179
Suppose 4*f + n = -f + 287, -3*n + 120 = 2*f. Let k = -27 + f. Suppose 35*x = k*x + 70. List the prime factors of x.
2, 7
Let i = -393 - -527. Let j = -234 - -154. Let v = j + i. What are the prime factors of v?
2, 3
Suppose -2*z = 3*m - 16917, -8*z - 5*m = -80934 + 13259. List the prime factors of z.
2, 3, 5, 47
Let a(f) = -57*f**3 + 17*f**2 + 44*f + 23. What are the prime factors of a(-3)?
1583
Let x(c) = -56*c + 2835. What are the prime factors of x(13)?
7, 43
Let y(j) = 24 - 47 + 79*j + 16. Let b be y(3). Suppose -9*z + 4*z = -b. List the prime factors of z.
2, 23
List the prime factors of (-1043662)/(-104)*4 + (-2)/(-13).
137, 293
Suppose -9*c + 458 = -199. Suppose 9*s = 4*s + 640. Let p = s - c. List the prime factors of p.
5, 11
Let r(g) be the second derivative of 21*g**5/10 + g**4/6 + g**2/2 - 4*g - 16. What are the prime factors of r(2)?
3, 5, 23
List the prime factors of 3 - ((-21)/56 - 144157/8).
67, 269
Suppose -5*d = -555 + 655. What are the prime factors of d/((126/(-24))/1 + 5)?
2, 5
Suppose -3*j = 2*o - 175, 289 = 5*j - 4*o + 6*o. What are the prime factors of (-6)/j + (-4)/((-380)/9795)?
103
Let s = 28542 - 9377. What are the prime factors of s?
5, 3833
Let h(w) = 2*w**3 - 5*w**2 + 5*w - 1. Let i be h(2). Suppose -22 = u + 2*y, u + i*y + 12 = 8*y. List the prime factors of (u/(-15))/(2/510*3).
2, 3, 17
Let l(y) = 3*y + 126. Let i be l(-38). Suppose -i*x - 2465 = -3*a - 7*x, 5*a - 4055 = -5*x. What are the prime factors of a?
5, 163
Suppose -22 = -4*j - 10. Suppose -4*o + o - 2*s + 541 = 0, j*s + 195 = o. What are the prime factors of o?
3, 61
Let x = -83126 + 126543. What are the prime factors of x?
11, 3947
Suppose 3*j - 5*m + 6*m = 30258, -40351 = -4*j + m. What are the prime factors of j?
7, 11, 131
Let f(m) = m**3 - 80*m**2 - 92*m + 739. What are the prime factors of f(82)?
7, 13, 73
Suppose 5*m + 4*a - 3*a - 12 = 0, 4*a + 27 = 5*m. Suppose 2*l - 42 = l + m*u, -u - 99 = -2*l. What are the prime factors of l?
3, 17
Let o = -421 + 428. Suppose o*w - 2*w = 3*d + 80, 4*d = 3*w - 48. List the prime factors of w.
2
Let j = 35457 + 42355. List the prime factors of j.
2, 7, 397
Let i be (63/14)/((-3)/(-12)). Let c be 16505/45 + 4/i. Suppose -h - 11 = 5*p - 138, c = 3*h + p. What are the prime factors of h?
2, 61
List the prime factors of ((-148)/(-296))/(4/438952).
54869
Let t = -321 - -312. Let x(o) = o**3 + 17*o**2 + 13*o + 12. What are the prime factors of x(t)?
3, 181
Let y be -2*(-1)/(-4) + (-18)/(-4). Suppose 5*k - y*t = -t + 3380, t = -5*k + 3380. List the prime factors of k.
2, 13
Let a be (-6 - (-140)/30)*114/(-4). Suppose 19 + 19 = -2*x. Let t = x + a. What are the prime factors of t?
19
Suppose -2*c = -212 - 46. What are the prime factors of c?
3, 43
Suppose 4*s + 3*f - 55106 = 0, 27526 = 2*s + 143*f - 146*f. List the prime factors of s.
2, 11, 313
Let u(b) = 4*b**2 + 2 + 103*b - 53*b - 5*b**2 - 53*b. Let m be u(1). List the prime factors of (-98)/(-4) - 1/m.
5
List the prime factors of (1/(20/24))/(-2) - (-220253)/55.
2, 7, 11, 13
Suppose 24*d - 54915 = 103341. What are the prime factors of d?
2, 3, 7, 157
Suppose v - n + 1527 = 3*v, 5*v - 3817 = -3*n. Suppose -2*b = 5*h - b - 951, -4*b + v = 4*h. Let j = h - -67. List the prime factors of j.
257
Let m be 507 + ((-24)/4 - -5 - 0). Suppose -12*p + m = 2. What are the prime factors of p?
2, 3, 7
Let n(c) = -c**2 + 12*c + 5. Let i be n(0). Suppose 2050 = 5*r + i*o, 889 + 306 = 3*r - 4*o. List the prime factors of r.
3, 5
Suppose -1064 + 194 = -3*l. Let h = 135 - 91. Suppose l - h = 2*o. What are the prime factors of o?
3, 41
Let i(p) = 474*p + 10. Let m be i(-2). Let a = m - -2090. Suppose -2*d = 4*d - a. List the prime factors of d.
2, 3
Let s = -30806 + 82346. List the prime factors of s.
2, 3, 5, 859
Let h(j) = -j**2 - 9*j. Let r be h(-5). Let o(l) = -11*l + 24. Let a(y) = -48*y + 97. Let f(v) = 2*a(v) - 9*o(v). What are the prime factors of f(r)?
2, 19
Suppose -5*k - 956 + 152306 = 2*u, -2*u - 121062 = -4*k. List the prime factors of k.
2, 7, 23, 47
Let g be (4/14 + (-6)/21)/1. Suppose -8*y + 1705 + 1727 = g. List the prime factors of y.
3, 11, 13
Let b be 29/3 - 3/(-9). Let p(z) = -5 + 3*z + 3*z + b*z + 0*z. List the prime factor